of -i**4/4 + 5*i**3/3 + 2*i - 1. Let q = 15 - 2. Let s = q + -8. What is b(s)?
2
Let i(w) = -w**2 + 5*w. Suppose 2*q = -2*q - 24. Let t be (-7)/(-42) - 23/q. Give i(t).
4
Let w be (40/(-25))/((-2)/(-5)). Suppose -s = 2*s + 12. Let z(a) = 5*a**2 + 3*a - 2. Let i(m) = 14*m**2 + 9*m - 6. Let x(u) = s*i(u) + 11*z(u). Determine x(w).
-2
Let o = -11 + 16. Let q(d) be the third derivative of d**5/60 - 7*d**4/24 + 5*d**3/6 - d**2. Give q(o).
-5
Let a(u) = -1 - 752*u + u**2 + 752*u. What is a(1)?
0
Let k(s) = s - 2. Suppose z = -4*m - 5, 5*z - 14 + 1 = -m. What is k(m)?
-4
Let b(m) = 2*m - 6. Let p(r) = -2*r + 5. Let h(i) = -5*b(i) - 6*p(i). Let y be (4 + -1)*4/(-6). Let x = 1 + y. What is h(x)?
-2
Suppose -37 = -t - 4*t + 4*d, 2*t - d = 13. Let i(b) = 0*b - 5*b**2 + 4*b**2 + 2 + t - 6*b. What is i(-6)?
7
Let o(z) be the second derivative of z**4/12 - z**2 - 3*z. Determine o(-3).
7
Let g(k) = -k**3 + 2*k**2 + k + 2. Let t = 7 + -1. Suppose -3*y + 15 = -8*y. Let r be y/(-2)*t/3. Give g(r).
-4
Let o(b) = 7*b**2 + 3*b + 1. Let y(h) = 6*h**2 + 2*h. Suppose 3*t + 35 = 4*m - 0*t, 3*m = 3*t + 30. Let g(j) = m*o(j) - 6*y(j). Determine g(4).
1
Let w = -39 + 40. Let t(s) = -8*s. Determine t(w).
-8
Let p(d) be the first derivative of -2*d**3/3 - d**2/2 - 2*d - 1. Let u(k) = -4*k**2 - 3*k - 5. Let a(b) = 7*p(b) - 3*u(b). Calculate a(2).
-3
Let d(r) be the second derivative of r**3/6 - 5*r**2 + 4*r. Let u be d(7). Let y(l) = -l + 2. What is y(u)?
5
Let z(i) = -i**2 - 5*i - 4. Let m be z(-6). Let o = 8 + m. Let p(u) be the second derivative of -u**5/20 + u**3/2 + u**2 + 2*u. Determine p(o).
4
Let n(a) = 5 - 2 - 4 - 4*a + 4*a**2 + a**3. Determine n(-4).
15
Let x be 11/(-4) - (-20 - -17). Let d(i) be the first derivative of -x*i**4 + 0*i**2 + 1 - 5/3*i**3 + 2*i. Determine d(-5).
2
Let z = -2 + 4. Let g(p) = -4*p - z*p**2 + 0 + 2 + p**3 + 4*p. Let s = -5 + 7. Determine g(s).
2
Let s(k) = k**3 + 4*k**2 + 3*k + 4. Let z be (-68)/(-16) - (-2)/(-8). Suppose -4*m + 4*o - 12 = 0, -9 = 3*m - o - z*o. Determine s(m).
4
Suppose 2*l - 10 = -3*l + 4*j, -4*j - 8 = -4*l. Let g = -3 + 4. Let x be l/(-4)*10/g. Let p(y) = -y - 9. Give p(x).
-4
Let f(g) = 4*g - 3. Let c(x) = -x - 1. Let a be c(-4). Let d(m) = 5*m - 2. Let k(n) = a*f(n) - 2*d(n). Give k(5).
5
Let v(s) = 2*s**3 + 2*s**2 - s + 2. Suppose 2*z = 3*b - z - 30, -3*z + 10 = b. Let l = -7 + 9. Suppose -4*g + l = b. What is v(g)?
-4
Let f(v) be the third derivative of -v**8/5040 - v**7/5040 - v**5/30 + 4*v**2. Let r(x) be the third derivative of f(x). What is r(1)?
-5
Suppose 0 = 4*z + z - 10. Let f be -1 + z - (-3 - 1). Let k(s) = -f*s + s**2 + 2 - s**2 + 2*s**2. Give k(3).
5
Let a(z) be the first derivative of -z**4/4 + z**3 + 2*z**2 - 5*z - 7. Determine a(4).
-5
Let k(u) = 4*u + u**2 + 4 - 2 + 2*u - 2*u. Let m(z) = -3*z**2 - 12*z - 6. Let g(x) = 17*k(x) + 6*m(x). Calculate g(-3).
1
Let u be (-8)/5 + (-4)/10. Suppose 0 = 4*l - 2 - 10. Let f(c) = -2*c**2 - c + 0*c**l + 0*c**2 - c**3. What is f(u)?
2
Suppose -c + 3 = 6. Let j be 5 - (c - -3 - -1). Suppose -5*h + 5 = -j*l, 0 = -3*l + 1 - 16. Let x(z) = z**3 + 3*z**2 - 2*z - 2. Calculate x(h).
4
Let x(m) = -6*m - 5. Let p(o) = -7*o - 6. Let h(y) = 5*p(y) - 6*x(y). What is h(-3)?
-3
Let p(d) = d**3 - 9*d**2 + 5. Let q be p(9). Let j(g) = 4 - g + g**3 + 0*g**2 - q*g**2 - g. Give j(5).
-6
Let h(x) = -x**2 + 2*x + 2. Let y = 15 - 11. Suppose 2*u + 4*v = -6, y*u = -5*v + 3*v. Let g be (-1 - u)*2/2. Calculate h(g).
-6
Let j(k) = k**2 + 4*k - 4. Let d(f) = -f**2 - 4*f + 4. Let c(w) = 4*d(w) + 3*j(w). Calculate c(-5).
-1
Let v(o) = -o**2 + 4*o + 2. Let r be v(4). Let f(g) = 1 + 4*g**r - 5*g**2 + 2 - 3*g - 5. Calculate f(-2).
0
Let r(y) = 2*y - 3. Suppose 0 = 2*f + 3*f - 15. Suppose -5*n - u + 22 = 0, 5*n = -0*u + f*u + 14. Calculate r(n).
5
Let k(m) = -m**3 + 6*m**2 - m. Suppose -4*w = -34 + 10. What is k(w)?
-6
Let q(c) = 2*c - 9*c**2 + c + 0*c - 2*c + 3*c**3. Let o(x) = 8*x**3 - 26*x**2 + 2*x + 1. Let i(z) = 4*o(z) - 11*q(z). Give i(-3).
-5
Suppose 6 + 6 = 2*w. Let q(h) = -9*h**2 + 3*h + 3. Let a(t) = 5*t**2 - 2*t - 2. Let v(o) = w*q(o) + 11*a(o). Determine v(4).
-4
Let n = -2 + 14. Suppose -5*f + 9 = v, -2*f + 0*f - n = 3*v. Let s(p) = -p**2 - 6*p + 3. Give s(v).
3
Let k(j) be the second derivative of -j**4/12 + j**3/2 - j**2 + 3*j. Suppose -4*w - 15 = -9*w. Calculate k(w).
-2
Let c = 31 - 26. Let a(o) = -o**2 + 3*o + 7. What is a(c)?
-3
Let s(b) = -b**2 - 7*b - 7. Suppose 0 = 2*q + 3 + 9. Give s(q).
-1
Suppose -6 = 3*f + 2*o + 2, -o = f + 4. Let z(u) = 2 - u + 5 + f*u. Let p be z(4). Let l(s) = -s**3 + 5*s**2 - 4*s + 2. Determine l(p).
8
Let t(n) be the third derivative of 1/24*n**4 - 7*n**2 + 0 + 1/2*n**3 + 0*n. Determine t(-7).
-4
Let p(n) = n**3 - 2*n**2 - n - 1. Let o be 1*((1 - -1) + -7). Let q(x) = -x**3 - 6*x**2 - 5*x + 2. Let g be q(o). Calculate p(g).
-3
Let s(b) be the first derivative of -b**4/24 - 13*b**3/6 - 2*b**2 - 2. Let g(t) be the second derivative of s(t). What is g(-6)?
-7
Let r(w) = 9*w**2 + 6*w - 2. Let t(z) = -5*z**2 - 3*z + 1. Let g(q) = 4*r(q) + 7*t(q). Give g(-2).
-3
Let k(j) = j**2 + 11*j - 5*j - 2*j - 5. Determine k(-6).
7
Let t(q) = 7*q + q - 2*q - 4*q. Calculate t(3).
6
Let y(t) = 2*t - 5. Let c(s) be the third derivative of -s**6/120 - 7*s**5/60 - s**4/3 - 4*s**3/3 + s**2. Let l be c(-6). Give y(l).
3
Let h(s) = s. Suppose -5*f + 3*c - 24 = 0, 5*f - 4*c + 2*c = -26. Give h(f).
-6
Let f = 3 - 2. Let p(q) = 1 - f + q. Calculate p(-4).
-4
Let k be 9/6*(4 + 0). Let p be 4 + (k + -3)/(-3). Suppose 0 = 5*h + 2 + p. Let o(q) = 7*q**3 - q - 1. Determine o(h).
-7
Let n(o) = -o**2 + 6*o + 3. Let p be n(5). Let m be -6*(-2)/p*2. Let r(v) = v**3 - 5*v**2 + 4*v - 1. Determine r(m).
-7
Let a be (-18)/(-4)*16/24. Suppose -3*l - 1 = v, -v + l - 2 = a*l. Let d(o) be the third derivative of o**4/12 + o**3/6 + o**2. Give d(v).
-7
Let j(m) = m**3 + m**2 - m + 1. Let u = 26 + -17. Suppose 6*p - 2*p = 36. Let f = p - u. Calculate j(f).
1
Suppose -s - 10 = -6*s. Let b = -1 - -3. Let u(x) = -x**s - 1 + 0*x**2 + 4 + 2*x**b - x. Give u(3).
9
Let v(r) = -r - 6. Let m(s) = s + 6. Let x(b) = -5*m(b) - 6*v(b). Determine x(-7).
-1
Let z = 1 + 5. Suppose 3 = -3*o - z. Let x(i) be the second derivative of i**4/12 + 2*i**3/3 + 2*i**2 + i. Calculate x(o).
1
Let n(u) = u**2 - 2*u**2 + 4*u - 3 + 8. Let q(k) = k**2 - 3*k - 5. Let w(o) = 5*n(o) + 6*q(o). Calculate w(-4).
3
Suppose -j = 5*w + 24, 0*w - 2*j = -4*w - 22. Let b = -4 - w. Let i(v) = 0 - b - 3 - v. What is i(-5)?
1
Suppose 3*i + 7 = 1. Let b be 1/2 + (-3)/i. Let u(q) = 2*q**b - 5 + q**2 + q**3 - q - 6*q**2. What is u(4)?
7
Let c(h) = 3*h**2 - 8*h + 1. Let r(v) = -4*v**2 + 9*v - 2. Let a(q) = -5*c(q) - 4*r(q). Calculate a(-2).
-1
Let a(z) be the first derivative of z**2/2 - 3*z + 5. What is a(-5)?
-8
Let k(t) be the third derivative of -t**4/12 - t**3/3 - 3*t**2. Let b(f) = -5*f**3 + 2*f**2 - 1. Let m be b(1). Give k(m).
6
Let w(z) = 5 - 11 + z**3 - 3*z**2 - 4*z + 11. Determine w(4).
5
Let m(b) = b**3 + 6*b**2 - 6*b + 1. Let a be m(-7). Let y = 11 + a. Let h(d) = -d**2 + 4*d. Determine h(y).
-5
Let i(h) = -3*h**2 + 6*h + 11. Let k(g) = g**2 - g - 2. Let c(b) = i(b) + 2*k(b). Give c(5).
2
Let i(o) = -o + 1. Let w(r) = r**2 - 3*r - 6. Let a(p) = -2*i(p) - w(p). Suppose 0 = -2*c + 7*c - 20. Calculate a(c).
8
Suppose 0*i - 4*i = -8. Let s(w) = 1 + 0*w - 2*w**i - 2*w + w. Suppose 4*o = -c - 11, 4*o - 5*c + 5 = -4*c. What is s(o)?
-5
Let v(z) be the second derivative of z**5/20 - z**4/2 + z**3/6 - 5*z**2/2 + 6*z. Give v(6).
1
Let g(i) be the third derivative of 1/24*i**4 + 1/3*i**3 + 0 + 2*i**2 + 0*i. What is g(-4)?
-2
Let b(n) = -3 + 3 + 3 + n - 5 - 2*n**3. Let p be -1*2 + 2 + -2. Determine b(p).
12
Let x(t) = 0*t - 14 + 16 + 2*t. Determine x(-2).
-2
Suppose 8 = 3*v + v. Suppose -4*y - 3*f = 0, -v*y + 0*f + 10 = -f. Let z(h) = -2 + 3*h**y + 4 + 2*h + 3*h**2 - 2*h**3 - 6. Calculate z(-3).
-10
Let y(g) = 6*g**2 - 7*g + 1205*g**3 - 1206*g**3 - 12*g**2 + 1. Let l(i) = -i**2 + 2*i + 3. Let o be (6/4)/(3/(-4)). Let s be l(o). Determine y(s).
11
Let u(n) = n**3 + 13*n**2 - 14*n - 11. Let z be u(-14). Let h be (-4)/(-20) + z/5. Let r(s) be the first derivative of s**2/2 + 2*s + 1. Give r(h).
0
Let s(w) be the third derivative of -w**6/120 -